{"id":13,"date":"2019-10-26T17:28:06","date_gmt":"2019-10-26T15:28:06","guid":{"rendered":"http:\/\/association-musicale-meriadeg.net\/?page_id=13"},"modified":"2021-10-28T08:08:46","modified_gmt":"2021-10-28T06:08:46","slug":"lassociation","status":"publish","type":"page","link":"https:\/\/association-musicale-meriadeg.net\/","title":{"rendered":"L&rsquo;association"},"content":{"rendered":"\n<p>L\u2019association musicale de M\u00e9riadeg existe depuis plus de 30 ans. Orient\u00e9e d\u00e8s 1986 vers la musique traditionnelle on y pratique depuis 15 ans, les musiques dites actuelles. Les cours hebdomadaires sont collectifs. De nombreuses activit\u00e9s sont propos\u00e9es au cours de l\u2019ann\u00e9e afin de permettre \u00e0 l\u2019\u00e9l\u00e8ve de pratiquer son instrument dans diverses situations.<\/p>\n\n\n\n<h2>Horaires des cours<\/h2>\n\n\n\n<figure class=\"wp-block-table\"><table><tbody><tr><td><strong>Cours<\/strong><\/td><td><strong>Horaires<\/strong><\/td><\/tr><tr><td>ATELIER CHANT<\/td><td>MERCREDI  (2\u00e8 et 4\u00e8 du mois) De 20H30 \u00e0 22H00<\/td><\/tr><tr><td>DJEMBE<\/td><td>MARDI de 14H30 \u00e0 15H20  <\/td><\/tr><tr><td>GUITARE<\/td><td>LUNDI de 15H00 \u00e0 20H00<br>MARDI de 16h45 \u00e0 20h35 <\/td><\/tr><tr><td>EVEIL MUSICAL<br>HARPE<\/td><td>MERCREDI MATIN<\/td><\/tr><tr><td>VIOLON<\/td><td>MERCREDI de 16h45 \u00e0 18h30<\/td><\/tr><tr><td>ATELIER \u00ab\u00a0MUSIQUE DU MONDE\u00a0\u00bb<\/td><td>MERCREDI de 18h30 \u00e0 20h15<\/td><\/tr><\/tbody><\/table><\/figure>\n\n\n\n<div class=\"wp-block-image\"><figure class=\"aligncenter\"><img loading=\"lazy\" width=\"295\" height=\"294\" src=\"http:\/\/association-musicale-meriadeg.net\/wp-content\/uploads\/2019\/10\/logo.jpg\" alt=\"\" class=\"wp-image-6\" srcset=\"https:\/\/association-musicale-meriadeg.net\/wp-content\/uploads\/2019\/10\/logo.jpg 295w, https:\/\/association-musicale-meriadeg.net\/wp-content\/uploads\/2019\/10\/logo-150x150.jpg 150w\" sizes=\"(max-width: 295px) 100vw, 295px\" \/><\/figure><\/div>\n","protected":false},"excerpt":{"rendered":"<p>L\u2019association musicale de M\u00e9riadeg existe depuis plus de 30 ans. Orient\u00e9e d\u00e8s 1986 vers la musique traditionnelle on y pratique depuis 15 ans, les musiques dites actuelles. Les cours hebdomadaires sont collectifs. De nombreuses activit\u00e9s sont propos\u00e9es au cours de &hellip; <a href=\"https:\/\/association-musicale-meriadeg.net\/\">Continuer la lecture <span class=\"meta-nav\">&rarr;<\/span><\/a><\/p>\n","protected":false},"author":1,"featured_media":0,"parent":0,"menu_order":0,"comment_status":"closed","ping_status":"closed","template":"","meta":[],"_links":{"self":[{"href":"https:\/\/association-musicale-meriadeg.net\/index.php\/wp-json\/wp\/v2\/pages\/13"}],"collection":[{"href":"https:\/\/association-musicale-meriadeg.net\/index.php\/wp-json\/wp\/v2\/pages"}],"about":[{"href":"https:\/\/association-musicale-meriadeg.net\/index.php\/wp-json\/wp\/v2\/types\/page"}],"author":[{"embeddable":true,"href":"https:\/\/association-musicale-meriadeg.net\/index.php\/wp-json\/wp\/v2\/users\/1"}],"replies":[{"embeddable":true,"href":"https:\/\/association-musicale-meriadeg.net\/index.php\/wp-json\/wp\/v2\/comments?post=13"}],"version-history":[{"count":6,"href":"https:\/\/association-musicale-meriadeg.net\/index.php\/wp-json\/wp\/v2\/pages\/13\/revisions"}],"predecessor-version":[{"id":927,"href":"https:\/\/association-musicale-meriadeg.net\/index.php\/wp-json\/wp\/v2\/pages\/13\/revisions\/927"}],"wp:attachment":[{"href":"https:\/\/association-musicale-meriadeg.net\/index.php\/wp-json\/wp\/v2\/media?parent=13"}],"curies":[{"name":"wp","href":"https:\/\/api.w.org\/{rel}","templated":true}]}}

<p>L’association musicale de Mériadeg existe depuis plus de 30 ans. Orientée dès 1986 vers la musique traditionnelle on y pratique depuis 15 ans, les musiques dites actuelles. Les cours hebdomadaires sont collectifs. De nombreuses activités sont proposées au cours de l’année afin de permettre à l’élève de pratiquer son instrument dans diverses situations.</p>



<h2>Horaires des cours</h2>



<figure class="wp-block-table"><table><tbody><tr><td><strong>Cours</strong></td><td><strong>Horaires</strong></td></tr><tr><td>ATELIER CHANT</td><td>MERCREDI  (2è et 4è du mois) De 20H30 à 22H00</td></tr><tr><td>DJEMBE</td><td>MARDI de 14H30 à 15H20  </td></tr><tr><td>GUITARE</td><td>LUNDI de 15H00 à 20H00<br>MARDI de 16h45 à 20h35 </td></tr><tr><td>EVEIL MUSICAL<br>HARPE</td><td>MERCREDI MATIN</td></tr><tr><td>VIOLON</td><td>MERCREDI de 16h45 à 18h30</td></tr><tr><td>ATELIER « MUSIQUE DU MONDE »</td><td>MERCREDI de 18h30 à 20h15</td></tr></tbody></table></figure>



<div class="wp-block-image"><figure class="aligncenter"><img loading="lazy" width="295" height="294" src="http://association-musicale-meriadeg.net/wp-content/uploads/2019/10/logo.jpg" alt="" class="wp-image-6" srcset="https://association-musicale-meriadeg.net/wp-content/uploads/2019/10/logo.jpg 295w, https://association-musicale-meriadeg.net/wp-content/uploads/2019/10/logo-150x150.jpg 150w" sizes="(max-width: 295px) 100vw, 295px" /></figure></div>

<p>L’association musicale de Mériadeg existe depuis plus de 30 ans. Orientée dès 1986 vers la musique traditionnelle on y pratique depuis 15 ans, les musiques dites actuelles. Les cours hebdomadaires sont collectifs. De nombreuses activités sont proposées au cours de &hellip; <a href="https://association-musicale-meriadeg.net/">Continuer la lecture <span class="meta-nav">&rarr;</span></a></p>
